{"id":1160,"date":"2022-05-24T10:33:51","date_gmt":"2022-05-24T08:33:51","guid":{"rendered":"https:\/\/konkurs-instytut-biologii.sarp.warszawa.pl\/?page_id=1157"},"modified":"2025-05-10T12:32:03","modified_gmt":"2025-05-10T10:32:03","slug":"nagrody","status":"publish","type":"page","link":"http:\/\/konkurs-uw-kampus.sarp.warszawa.pl\/?page_id=1160","title":{"rendered":"Nagrody"},"content":{"rendered":"\n<div style=\"height:5px\" aria-hidden=\"true\" class=\"wp-block-spacer\"><\/div>\n\n\n\n<hr class=\"wp-block-separator has-alpha-channel-opacity\"\/>\n\n\n\n<div style=\"height:40px\" aria-hidden=\"true\" class=\"wp-block-spacer\"><\/div>\n\n\n\n<p>Ca\u0142kowita kwota przeznaczona przez Organizatora na Nagrody pieni\u0119\u017cne oraz Nagrody pieni\u0119\u017cne w formie wyr\u00f3\u017cnie\u0144 wynosi <strong>130 000,00 z\u0142 brutto<\/strong>. Niezale\u017cnie od liczby przyznanych Nagr\u00f3d kwota ta zostanie obligatoryjnie rozdzielona w ca\u0142o\u015bci w\u015br\u00f3d Prac nagrodzonych. Opr\u00f3cz Nagr\u00f3d pieni\u0119\u017cnych Organizator przewiduje przyznanie Nagrody w postaci zaproszenia do negocjacji w trybie zam\u00f3wienia z wolnej r\u0119ki na szczeg\u00f3\u0142owe opracowanie pracy konkursowej dla Uczestnika konkursu, kt\u00f3rego praca konkursowa otrzyma\u0142a najwi\u0119ksz\u0105 liczb\u0119 punkt\u00f3w (I Nagroda pieni\u0119\u017cna) w g\u0142osowaniu, o&nbsp;kt\u00f3rym mowa w Rozdziale VIII. ust. 2.<\/p>\n\n\n\n<p>W konkursie Organizator przewiduje przyznanie Nagr\u00f3d jak nast\u0119puje:<\/p>\n\n\n\n<p>1. Nagrody pieni\u0119\u017cne:<\/p>\n\n\n\n<p><strong><u>I NAGRODA<\/u><\/strong><\/p>\n\n\n\n<p><strong>kwota pieni\u0119\u017cna w wysoko\u015bci 50&nbsp;000,00 z\u0142 brutto<\/strong><\/p>\n\n\n\n<p><strong><u>II NAGRODA<\/u><\/strong><\/p>\n\n\n\n<p><strong>kwota pieni\u0119\u017cna w wysoko\u015bci 30&nbsp;000,00 z\u0142 <strong><strong>brutto<\/strong><\/strong><\/strong><\/p>\n\n\n\n<p><strong><u>III NAGRODA<\/u><\/strong><\/p>\n\n\n\n<p><strong>kwota pieni\u0119\u017cna w wysoko\u015bci 20&nbsp;000,00 z\u0142 <strong><strong>brutto<\/strong><\/strong><\/strong><\/p>\n\n\n\n<p>Do dwu (2) Nagr\u00f3d pieni\u0119\u017cnych w formie wyr\u00f3\u017cnie\u0144 w wysoko\u015bci <strong>15 000 z\u0142 brutto<\/strong> ka\u017cda.<\/p>\n\n\n\n<p>2. Nagroda w postaci zaproszenia do negocjacji w trybie zam\u00f3wienia z wolnej r\u0119ki na wykonanie us\u0142ugi na podstawie wybranej Pracy konkursowej dla Uczestnika konkursu, kt\u00f3rego Praca konkursowa otrzyma\u0142a najwi\u0119ksz\u0105 liczb\u0119 punkt\u00f3w (I Nagroda pieni\u0119\u017cna).<\/p>\n\n\n\n<p>Propozycj\u0119 przyznania okre\u015blonych Nagr\u00f3d przygotowuje S\u0105d Konkursowy, a zatwierdza Kierownik Zamawiaj\u0105cego lub osoba przez niego upowa\u017cniona. Organizator zastrzega mo\u017cliwo\u015b\u0107 niewy\u0142onienia najlepszej Pracy lub nieprzyznania poszczeg\u00f3lnych Nagr\u00f3d.<\/p>\n","protected":false},"excerpt":{"rendered":"<p>Ca\u0142kowita kwota przeznaczona przez Organizatora na Nagrody pieni\u0119\u017cne oraz Nagrody pieni\u0119\u017cne w formie wyr\u00f3\u017cnie\u0144 wynosi 130 000,00 z\u0142 brutto. Niezale\u017cnie od liczby przyznanych Nagr\u00f3d kwota ta zostanie obligatoryjnie rozdzielona w ca\u0142o\u015bci w\u015br\u00f3d Prac nagrodzonych. Opr\u00f3cz Nagr\u00f3d pieni\u0119\u017cnych Organizator przewiduje przyznanie<span class=\"ellipsis\">&hellip;<\/span><\/p>\n<div class=\"read-more\"><a href=\"http:\/\/konkurs-uw-kampus.sarp.warszawa.pl\/?page_id=1160\">Czytaj wi\u0119cej <span class=\"screen-reader-text\">Nagrody<\/span><span class=\"meta-nav\"> &#8250;<\/span><\/a><\/div>\n<p><!-- end of .read-more --><\/p>\n","protected":false},"author":1,"featured_media":0,"parent":0,"menu_order":0,"comment_status":"closed","ping_status":"closed","template":"","meta":{"footnotes":""},"class_list":["post-1160","page","type-page","status-publish","hentry"],"_links":{"self":[{"href":"http:\/\/konkurs-uw-kampus.sarp.warszawa.pl\/index.php?rest_route=\/wp\/v2\/pages\/1160","targetHints":{"allow":["GET"]}}],"collection":[{"href":"http:\/\/konkurs-uw-kampus.sarp.warszawa.pl\/index.php?rest_route=\/wp\/v2\/pages"}],"about":[{"href":"http:\/\/konkurs-uw-kampus.sarp.warszawa.pl\/index.php?rest_route=\/wp\/v2\/types\/page"}],"author":[{"embeddable":true,"href":"http:\/\/konkurs-uw-kampus.sarp.warszawa.pl\/index.php?rest_route=\/wp\/v2\/users\/1"}],"replies":[{"embeddable":true,"href":"http:\/\/konkurs-uw-kampus.sarp.warszawa.pl\/index.php?rest_route=%2Fwp%2Fv2%2Fcomments&post=1160"}],"version-history":[{"count":3,"href":"http:\/\/konkurs-uw-kampus.sarp.warszawa.pl\/index.php?rest_route=\/wp\/v2\/pages\/1160\/revisions"}],"predecessor-version":[{"id":2041,"href":"http:\/\/konkurs-uw-kampus.sarp.warszawa.pl\/index.php?rest_route=\/wp\/v2\/pages\/1160\/revisions\/2041"}],"wp:attachment":[{"href":"http:\/\/konkurs-uw-kampus.sarp.warszawa.pl\/index.php?rest_route=%2Fwp%2Fv2%2Fmedia&parent=1160"}],"curies":[{"name":"wp","href":"https:\/\/api.w.org\/{rel}","templated":true}]}}